m + 5*k - 45 = 0. Let q = -22 - -29. Let h(v) = -v**3 + 8*v**2 - 3*v + 2. What is the remainder when h(q) is divided by m?
6
Let t(u) = u**2 - 5*u + 7. Let j be t(5). Suppose -j*k - 5*p + 43 = -3*k, -2*k + p + 25 = 0. Calculate the remainder when 31 is divided by k*4/(-18)*-3.
7
Let a(r) = -4*r + 9. Calculate the remainder when 121 is divided by a(-4).
21
Suppose c - 4 = -3*r, 3*c - 5*r - 51 = -r. Let u(n) = n**2 - 7*n + 8. Let f be u(6). What is the remainder when ((-1)/f)/((-2)/248) is divided by c?
10
Let o = -1773 + 1781. Calculate the remainder when 129 is divided by o.
1
Let v(k) = k - 7. Let l be v(5). Let z be 3/6 - 1/l. Suppose -2*w + 17 = -z. Calculate the remainder when 16 is divided by w.
7
Suppose 0 = n - 2*l - 2*l - 23, 2 = -l. Suppose 3*j + a = 49, -a - n = 2*a. Calculate the remainder when j is divided by 5.
3
Suppose -m + 4 = 0, 25 = -0*w + w + 5*m. Suppose w*x = -34 + 134. Let l = 17 + -6. Calculate the remainder when x is divided by l.
9
Let f(u) = -2*u**3 - 25*u**2 + 5*u - 19. What is the remainder when f(-13) is divided by 19?
9
Suppose 4*i - 17 = 207. Let q(f) = -3*f + 1. Let r be q(-1). Suppose 2*o + 84 = 4*u, -o = -2*u + r*u - 34. Calculate the remainder when i is divided by u.
18
Let q(k) = -k**3 + 9*k**2 + 14*k - 24. Suppose 0 = 2*a - 4*c - 8, -2*a - a + 15 = -5*c. Calculate the remainder when 45 is divided by q(a).
13
Let l(o) = -2*o**3 - 20*o**2 - 9*o - 4. Let w be l(-10). Suppose 3*r + 35 = w. What is the remainder when 65 is divided by r?
14
Suppose 6*k - 460 = k. Let l(h) = -h**3 - 7*h**2 - 8*h - 7. Calculate the remainder when (32/(-20))/4 - k/(-5) is divided by l(-6).
3
Let v = -10 + 12. Let m = -176 - -182. Calculate the remainder when m is divided by v.
0
Suppose 436*k = 441*k - 100. Suppose 307 = -3*m + 1201. Calculate the remainder when m is divided by k.
18
Suppose -355 = -5*m - 0*m + 4*u, m = 4*u + 71. Suppose -101*y - 120 = -58*y - 48*y. Calculate the remainder when m is divided by y.
23
Let v(d) be the third derivative of d**6/120 + 2*d**5/15 + d**4/4 + 2*d**3/3 - d**2. Calculate the remainder when ((-58)/(-4))/((-2)/(-4)) is divided by v(-7).
7
Let b be -1*2 - (-3 - 0). Suppose -b = -5*k + 19. Suppose 5*q = -2*d + 61, -d + 2*q + 28 = k*q. Calculate the remainder when 52 is divided by d.
16
Let j = -176 - -196. Calculate the remainder when 33 is divided by j.
13
Let f = 195 - 101. Calculate the remainder when f is divided by (-642)/(-27) + (-2)/(-9).
22
Let z = 14 - 12. Suppose 2*v = z*i + 24, -v - 2*v + 34 = -4*i. Calculate the remainder when 8/v - 996/(-21) is divided by 10.
8
Let t = 208 - -23. Let h(i) = -i**3 + 11*i**2 - 8*i - 7. Calculate the remainder when t is divided by h(10).
10
Let l = -671 - -682. What is the remainder when l is divided by 5?
1
Suppose 4*r + 0*r = -16. What is the remainder when 81 is divided by (16/(-20))/(r/70)?
11
Let k = 30 - 30. Suppose n - 8 - 265 = k. Calculate the remainder when n is divided by 55.
53
Suppose 8*f - 5*c - 75 = 3*f, 0 = 2*f - 3*c - 26. Suppose -5 - f = -3*n. Let r(x) = -12*x + 218. What is the remainder when r(15) is divided by n?
6
Suppose -2*n = n - 9. Suppose n*c - 6 = 3. Calculate the remainder when (c + -5 - -20) + -3 is divided by 6.
3
Suppose 25*t - 264 = 836. Calculate the remainder when t is divided by 24.
20
Let i(p) = -2*p**2 - 25*p - 1. Let m be i(-14). Suppose 0 = -r - 25 - 3. Let a = r - m. What is the remainder when 58 is divided by a?
13
Suppose 2*j - 257 + 72 = -5*h, 0 = -2*j - 10. Suppose -84 = -3*d - 3*d. What is the remainder when h is divided by d?
11
Suppose -5*k + 2*o + 10 = 5*o, -8 = -4*k - 4*o. Suppose -w = -4*w - 2*b + 29, 5*w - 43 = -k*b. What is the remainder when 20 is divided by w?
6
Let l = -1 - -4. Suppose 4*g + 8 = 4*d - 8, -4*d - 4*g + 40 = 0. What is the remainder when d is divided by l?
1
What is the remainder when 55/440 - (-2014)/16 is divided by 16?
14
Let a = -383 + 451. What is the remainder when 469 is divided by a?
61
Let p = -4 + 15. Suppose -k + 187 = 3*x, -x - 3*k + 62 = 5. What is the remainder when x is divided by p?
8
Suppose 767 = 4*q - 409. Calculate the remainder when q is divided by 59.
58
Let u(h) = h**2 + 13*h + 17. Let n be (-2)/6*3 - -3. Suppose 3*t + 12 = n*t. Calculate the remainder when 7 is divided by u(t).
2
Suppose 8 = 11*m - 7*m. Calculate the remainder when 12 is divided by (1 - -1)*1/m*4.
0
Suppose 0 = -15*z + 20*z - 15. Calculate the remainder when 10 is divided by z.
1
Let z be (-7)/6*-2 + 14/21. Suppose -3*g + 2*h + 256 = 0, h + z = 4. What is the remainder when g is divided by 30?
26
Let t = -943 - -1183. Calculate the remainder when t is divided by 23.
10
Suppose -5*d = -d - 5*x - 102, -5*x - 74 = -3*d. Suppose 0*g - d = -2*g. What is the remainder when 38 is divided by g?
10
Let q be 8 - (-8 - 0)/(-2). Let r(f) = -6 + 5*f - f**2 + 2*f + q*f. What is the remainder when r(8) is divided by 5?
3
Suppose -4*o + 2*o + 4*p + 12 = 0, 3*p + 8 = 2*o. What is the remainder when 4/(16/508) - o is divided by 33?
30
Let b = -52 + 144. Let u be 2/7 - b/28. Calculate the remainder when 14 is divided by 9 - 2 - (u - -4).
2
Let q = -19 - -37. Let x = 10 - 14. Calculate the remainder when 7 is divided by x/q + 190/45.
3
Let b be (-30)/70 - (-1210)/14. Suppose 5*r = r - 20, -2*r = 3*h - b. Calculate the remainder when h is divided by 17.
15
Suppose -28*k + 3*k = -2875. Calculate the remainder when k is divided by 6/4*(-116)/(-6).
28
Let n be (-2 - -1*2)/(-2). Suppose 0*i = 2*i - 4*o - 12, n = -3*o. Suppose -44 = -24*r + 13*r. Calculate the remainder when i is divided by r.
2
Suppose -36 - 393 = -33*p. Let v(s) = 43*s - s + 7*s + 1. Calculate the remainder when v(1) is divided by p.
11
Let x be ((-2)/(-4) - 2)/((-12)/40). Suppose 16*k = x*k + 451. What is the remainder when 78 is divided by k?
37
Suppose 4*o - 76 = -51 + 15. Calculate the remainder when (1 - 1)/2 - -34 is divided by o.
4
Let t = -14 + 19. Suppose 0*a = t*a - c - 26, -2*a - 3*c + 24 = 0. Let u = 26 - 9. What is the remainder when u is divided by a?
5
What is the remainder when 153 is divided by 4/(-8)*5/((-5)/154)?
76
Calculate the remainder when (-42)/(-49)*(-3 + 26*2) is divided by 4.
2
Let q be (1 + -8)*3/(-3). Let j(k) = k**2 + 4*k + 13. Calculate the remainder when j(q) is divided by 23.
21
Suppose -2*f + 238 = 5*f. Let z = 55 - f. What is the remainder when 37 is divided by z?
16
Let v(d) = -d**3 - d**2 + d + 22. Suppose 0*b = -b. Calculate the remainder when v(b) is divided by 3.
1
Let h(v) = v**3 - 10*v**2 - v + 32. Let f be ((-15 - -5)/(-5))/((-1)/(-5)). Calculate the remainder when h(f) is divided by 4.
2
Let h(m) = 32*m + 41. Let q(z) = 48*z + 62. Let w(u) = -8*h(u) + 5*q(u). What is the remainder when w(-8) is divided by 37?
36
Let q(b) = -7*b**2 + 4*b + 7. Let m(r) = -7*r**2 + 5*r + 8. Let t(u) = 5*m(u) - 6*q(u). Let y = 17 - -10. Calculate the remainder when t(-4) is divided by y.
25
Let z(s) be the first derivative of s**2/2 + 13*s + 9. Calculate the remainder when 34 is divided by z(-6).
6
Suppose 2*f = t + 54, 29*f - 30*f - 5*t + 16 = 0. Calculate the remainder when f is divided by ((-14)/5)/((-2)/10).
12
Let r(l) = 4*l**2 + 2*l - 5. Let v be r(-4). Let h = 77 - v. Let j = h - 10. What is the remainder when 31 is divided by j?
15
Let b be (-1)/((-2)/8) - -18. Let j = -19 + b. Suppose 10 = 5*z - j*z. What is the remainder when 9 is divided by z?
4
Let r = -14 + 32. Let h = -960 - -970. Calculate the remainder when r is divided by h.
8
What is the remainder when -1 + 42 - (-119 + 130) is divided by 8?
6
Suppose 0 = -s + 3*s - t - 8, 3*t + 6 = 0. Calculate the remainder when ((-1)/s)/((-1)/33) is divided by (-4 - 0)/(44/(-66)).
5
Calculate the remainder when 422 is divided by (-5556)/(-66) + (-20)/110.
2
Let t(h) = -4*h**3 - 4*h**2 - 12*h - 10. What is the remainder when t(-4) is divided by 47?
42
Let c(i) = i**3 + 74*i**2 + 147*i + 231. What is the remainder when 234 is divided by c(-72)?
9
Let g = 2555 + -893. What is the remainder when g is divided by 52?
50
Suppose -3 - 6 = -3*m. Let y(v) = 4*v + 1. Let b(c) = -7*c - 3. Let h(u) = -3*b(u) - 5*y(u). What is the remainder when m is divided by h(-2)?
1
What is the remainder when (6/7)/(2/(344 - 8)) is divided by 29?
28
Suppose 114*y - 378 = 93*y. Let b = -98 + 148. C